 = -479696. Is a composite?
False
Is (293/2)/((-9 + 12)/6) a prime number?
True
Let j = 1406436 + -147897. Is j a prime number?
False
Suppose 5*a = -9*d + 843722, -3*a + 7*a = -d + 675021. Is a composite?
True
Suppose 716962 = 432*o - 428*o - 1491030. Is o prime?
False
Suppose 4*r + 4*s = 572204, 0 = r + r - s - 286093. Suppose 598*v - r = 590*v. Is v a composite number?
False
Is (-1)/((-16)/356846) - (-122)/976 composite?
False
Let q = -19758 - -30907. Is q composite?
False
Suppose -8*g - 44 = 36. Let k be (-115)/(-46)*(-8)/g. Suppose 515 = k*w - b, -w - 4*w - b = -1284. Is w a composite number?
False
Let a(p) be the first derivative of -63*p**4/4 + 2*p**3/3 - 3*p**2 + 2*p + 139. Is a(-3) a composite number?
True
Suppose 3*n - 6*b - 157348 = -5*b, -3*n + 3*b + 157350 = 0. Suppose 12626 = -5*s + 4*d + n, 4*s - 2*d - 31862 = 0. Is s a composite number?
True
Let n = -186320 - -316113. Is n a prime number?
True
Suppose 34*j = 1489558 + 27828. Is j a composite number?
True
Let a(o) = -o**2 - 24*o + 110. Let u be a(-27). Suppose 6*r + 33557 = u*r. Is r a prime number?
True
Let r(s) = -s - 1. Let o be r(-3). Let q be (18 + -20)*(0 - (1/(-2) - -2)). Suppose 4*n + o*v + 3*v = 275, 0 = -q*n + 2*v + 189. Is n prime?
False
Let g(l) = -306455*l - 4251. Is g(-2) prime?
True
Suppose 0 = -o - 5*w + 18 - 9, -4*o + 14 = -2*w. Is ((-872)/(-4) - o) + 0/3 composite?
True
Let p(n) = -13*n**2 + 14*n + 27. Let m(q) = -13*q**2 + 14*q + 25. Let i(u) = -7*m(u) + 6*p(u). Is i(-5) composite?
True
Let p = 1688 + -493. Suppose 0*v - p = -4*b - v, 2*b - 608 = -4*v. Is b/((7 - 3) + -2) composite?
False
Suppose 531*c = 517*c + 2894486. Is c a prime number?
True
Suppose 89*s - 5609865 = -94*s. Is s composite?
True
Let h = 78 + -67. Suppose -h*o + 1012 = -7*o. Is o a composite number?
True
Let w = 81900 - 36192. Suppose 20*t + w = 32*t. Is t a composite number?
True
Let y(l) = -l**2 + 15*l - 17. Let f be y(14). Let w be f/(-27) + (-208)/(-72). Suppose -3*x - w*x = -1746. Is x a prime number?
False
Suppose 3*u - 2*u - 7 = x, -5*u - 2*x + 7 = 0. Suppose -5*n + 3*b - 4*b = 16, -u*b = 3. Is (2/n + 705/18)*2 a prime number?
False
Suppose 4*i + 11 + 9 = 0. Let m(u) = u**2 + 7*u + 9. Let s be m(i). Is 4/s - 2625/(-5) prime?
True
Let p(j) = 45414*j + 4411. Is p(17) a prime number?
True
Let v(m) = 7*m**3 - 16*m**2 + 6*m - 13. Is v(16) a composite number?
False
Suppose 3*x - 4*i = 131659, 4*i = 2*x + 3207 - 90977. Is x composite?
False
Let y(i) = 10166 - 5087 - 5089 + 314*i**2 - i. Let o(c) = -c**3 + c**2 - c - 3. Let l be o(0). Is y(l) a composite number?
False
Let z(y) = -77*y + 6. Let n be 5 + -6 + 0 + 4. Let v be (2*-2 + n)/(1 - 0). Is z(v) prime?
True
Let i(u) = -u + 21. Suppose j - 14 - 4 = 0. Let c be i(j). Suppose p - 5*p + c*b = -799, -594 = -3*p - 3*b. Is p a prime number?
True
Suppose 165*h - 177173971 = -54*h + 46*h. Is h composite?
True
Suppose -13*k - 268870 = -20*k. Let p = 77355 - k. Is p composite?
True
Let d be (3 + -13)*(-1)/2. Suppose -6350 = -3*s + 2*j, s - 4*j - 2100 = -0*j. Suppose s = d*a - 75. Is a a prime number?
True
Let d = -21 - -25. Suppose 0 = d*m + m + 10. Is m*((-2367)/6)/3 a prime number?
True
Let q be -1*(0/(-3))/(-2 + 3). Suppose 5*v + 7 = p, -4*v = -q*p + 2*p. Is 259 + v + (-5)/20*4 prime?
True
Is (-4)/18 + 0 + (-76119)/(-27) a prime number?
True
Let q be (-47571)/(-9) - ((-3)/9 + 0). Let m = q + -2453. Is m a prime number?
True
Suppose -3246 = -5*z + 5054. Suppose d - 4*r - 1169 = 0, -2 = 4*r - 6. Let v = z - d. Is v a prime number?
True
Suppose 78*b = 71*b + 28. Suppose 0 = 2*y - r - 6750, b*y - 50*r - 13528 = -55*r. Is y prime?
False
Let d be 13/(-52) - 26/(-8). Suppose 4*j + 27 - 1 = 3*l, d*l - 5*j - 31 = 0. Is (291/(-12))/(l/(-24)) composite?
True
Let b = -6812 + -19816. Let m = b - -40457. Is m composite?
False
Let t be 1/((-3)/(-1 + 52)). Suppose v + 2*v = 4*j - 144, -j - 3*v = -36. Let b = t + j. Is b a prime number?
True
Suppose -5*b + 18*m + 995746 = 15*m, 3*b - 5*m = 597438. Is b composite?
False
Let z(u) = u + 2. Let x be z(6). Let n(r) = -207*r**2 - r - 11. Let m be n(x). Let a = -8952 - m. Is a a composite number?
True
Let q(j) = -195*j**3 + 4*j**2 - 2*j - 9. Let m be q(-3). Suppose -10583 = -2*s + 3*c, s + 0*c + 5*c = m. Is s prime?
False
Let t(j) = 13*j - 75. Let n be t(6). Suppose -2092 = -n*h - 5*v, 22*h - 18*h + 3*v = 2771. Is h a composite number?
True
Suppose b = -15*b - 103312. Let i = b - -23516. Is i a composite number?
True
Let v be (-14)/(-12)*(490 - 52). Let s = 6 + v. Is s composite?
True
Let y = 5346 - 3711. Suppose -697 = z + 459. Let p = y + z. Is p a prime number?
True
Suppose -14 = 3*t + 5*n, -3*n = -4*t - n + 16. Suppose 0 = -t*g + 9*g - 23989. Is g composite?
True
Suppose 0 = -3*p + w + 11914, 150*p - 155*p + 19880 = 3*w. Is p a prime number?
False
Let k = 37269 + -26524. Let c = -133 + 136. Suppose c*a + 2*a - k = 0. Is a a composite number?
True
Let m = 42282 + -27539. Is m prime?
False
Let k = -3547 + 43893. Is k a prime number?
False
Let i be 6/30 + (-2284)/20. Let b be 4/72*-4 + i/(-27). Suppose 539 = y + 5*x, 2*x = b*y + 3*x - 2213. Is y prime?
False
Suppose 0*g + 120 = 3*g. Suppose 0 = x + g - 1300. Is (-10 - -9) + 0 + x a prime number?
True
Suppose 126*w = 128*w + 9580. Is ((-17)/34)/(1/w) a composite number?
True
Let a be (-1032)/52 - 2/13. Let o = 26 + a. Suppose -v = -o*v + 2485. Is v a prime number?
False
Suppose -20169 + 68953 = 4*p. Let c = 17735 - p. Is c composite?
True
Let c = 1196 + -581. Let l = 9854 - c. Is l composite?
False
Let k = 155537 - 55434. Is k prime?
True
Suppose 514415 + 378043 = 9*z. Suppose -2*x - 16*x = -z. Is x a composite number?
True
Suppose -266337801 + 706658031 = 249*z - 298246887. Is z composite?
True
Let z(j) = -5 + 15*j - j**2 + 0*j**2 + 0*j**2 - j**2. Let i be z(7). Suppose 3*d + 1176 = 3*t, 0 = -2*t + 4*t + i*d - 780. Is t a composite number?
True
Let d be (4/(-6)*18)/2. Is 8846 - (5 - (12 + d))*3 a composite number?
False
Let c(z) = -z**3 + 5*z**2 + 2*z - 3. Let s be c(4). Suppose s*b - 26*b = -98305. Is b a prime number?
True
Let a = -10 - -41. Suppose 0 = 8*p + a - 7. Is (-3209)/(-4) - 2*p/(-24) prime?
False
Let k = 47 - -186. Let m = k + -61. Suppose 3*p - 142 = -t, -2*p = t - 5*p - m. Is t composite?
False
Let n = 17326 + 2701. Suppose -4*i + 2*b + 32305 + 7785 = 0, 2*i = -5*b + n. Is i composite?
True
Let q = 15863 + -7548. Is q a prime number?
False
Suppose 7*n - 6*n = 2*a - 142818, -357063 = -5*a - 2*n. Is a a prime number?
True
Suppose -194*n + 6054675 = -8844331. Is n prime?
False
Is (1*(-1)/4)/((-254)/173667928) a prime number?
False
Let v = 461 - 472. Is (5 - v/(-1))*(-10617)/9 a composite number?
True
Let q be 3/2 + (-108)/(-8). Is ((-3)/q)/1 - (-42294)/95 a prime number?
False
Let d be (4*(-21)/(-12))/1. Let t(p) = 5*p**3 + 2*p - 8. Is t(d) a composite number?
False
Let g = -53 - -47. Let p(z) = -z**2 - 6*z + 4. Let h be p(g). Suppose -3*t - h*r + 1445 = -0*r, -r + 970 = 2*t. Is t a prime number?
True
Let h(u) = -u + 6. Let c be h(8). Let y be 7 + (1 - c - 1). Suppose y*z - 1292 = 5*z. Is z a prime number?
False
Let i(n) = 86*n + 59. Let d be i(11). Let g = d - 154. Is g prime?
False
Let w(d) = 13776*d - 20. Let v be w(2). Suppose -v + 10935 = -7*r. Is r a prime number?
True
Let s = -6095 - -23626. Is s a prime number?
False
Let l = 880593 - 26936. Is l a prime number?
False
Let l = -97284 - -149033. Is l a composite number?
False
Let j(o) = -151*o - 36. Suppose y - 4 = a, 3*a - 4*y - 10 + 21 = 0. Is j(a) prime?
True
Suppose 2*m + 12 = 5*m. Suppose -m*b + 0*i - 5*i + 3422 = 0, 3*i - 1712 = -2*b. Is b a prime number?
True
Let j be (2/10 - 80/25) + -268. Let r be (-2 - 2)/((8/j)/(-4)). Let v = 1083 + r. Is v a composite number?
False
Let k(t) = t**3 + 9*t**2 - 10*t - 11. Let l be k(-10). Is l - (-7 - -1) - -5798 prime?
False
Suppose -f = 4*q - 3, 5*q - 35 = -0*q + 5*f. Let d(m) = -5 - 2 + 48*m**q + 3 + 6*m + 3. Is d(3) a prime number?
True
Suppose 23*v - 22*v - 4*s = -403, 0 = 3*v - 5*s + 1237. Suppose -2328 = -0*p + 2*p. Let z = v - p. Is z prime?
False
Let y be 18/(-12) - (-3)/(-6). Let u(c) = 5*c**3 - 9*c - 4*c**3 - 3 - 5*c**2 - 40*c**3. Is u(y) a composite number?
False
Suppose 0 = -2*i - 7*g + 2*g + 45, -5*g - 75 = -2*i. Let j(d) = 127*d - 91. Is j(i